et j(l) = -15240*l - 548642. What is j(-36)?
-2
Let u(w) = -30*w**2 - 349*w + 2472. Give u(5).
-23
Let m(f) = 2*f**3 - 27*f**2 + 542*f - 6292. What is m(12)?
-220
Let t(a) = -249*a + 2012. Calculate t(3).
1265
Let u(s) = 207782*s - 831094. Calculate u(4).
34
Let z(s) = 6*s**2 + 114*s - 777. Give z(7).
315
Let z(f) = 4841*f + 329209. Calculate z(-68).
21
Let i(p) = -6*p**2 - 59*p - 81. Calculate i(-11).
-158
Let o(d) = -185421*d - 1297936. Determine o(-7).
11
Let d(w) = -9459*w - 5911890. Determine d(-625).
-15
Let b(z) = 2*z**2 - 516*z + 4483. What is b(9)?
1
Let u(s) = 46*s**2 + 21300*s + 901. Give u(-463).
-25
Let c(d) = d**3 + 190*d**2 - 580*d - 192. Give c(-193).
1
Let m(i) = -83416*i - 667316. Give m(-8).
12
Let h(s) = -7*s**3 - 237*s**2 + 61*s + 920. What is h(-34)?
2
Let v(j) = -4*j**3 + j**2 + 1305*j + 6006. Calculate v(-5).
6
Let o(z) = -2*z**2 - 26964*z - 5208108. Determine o(-196).
4
Let a(j) = 5*j**2 + 1307*j + 14539. Give a(-12).
-425
Let w(s) = 28*s**2 + 192*s - 587. What is w(3)?
241
Let r(g) = -23*g**2 - 10965*g - 490747. Calculate r(-50).
3
Let p(f) = 38*f**2 + 3391*f - 202923. Calculate p(41).
-14
Let s(g) = -g**3 + 34*g**2 - 262*g + 7524. Calculate s(33).
-33
Let g(b) = 4841*b - 33825. What is g(7)?
62
Let i(j) = 2420*j + 452546. Calculate i(-187).
6
Let b(q) = -q**2 - 3178*q + 4824592. Determine b(1122).
-8
Let k(i) = -i**3 - 533*i**2 + 2708*i + 9689. Determine k(-538).
5
Let l(h) = 3*h**3 + 135*h**2 + 90*h - 1441. Determine l(-44).
407
Let j(o) = -5*o**3 + 18*o**2 + 55*o - 240. Determine j(4).
-52
Let k(b) = 1953*b - 197086. Give k(101).
167
Let v(d) = -1427*d - 64225. Calculate v(-45).
-10
Let d(c) = c**2 - 124*c - 275990. What is d(591)?
7
Let t(o) = 92376*o + 4341669. Calculate t(-47).
-3
Let j(k) = k**3 - 5*k**2 + 311*k + 654. What is j(-2)?
4
Let i(m) = 4804*m - 14558. Give i(3).
-146
Let q(z) = -553*z - 17417. Determine q(-34).
1385
Let o(s) = -15*s - 8207. Give o(-554).
103
Let p(n) = 131*n**2 - 84*n + 435. Determine p(-4).
2867
Let n(m) = -m**3 - 33*m**2 + 184*m + 1065. What is n(-38)?
1293
Let l(i) = 2*i**3 - 202*i**2 - 373*i - 1930. Calculate l(103).
2087
Let v(o) = -275*o**2 - 24*o - 2545. Give v(0).
-2545
Let k(s) = s**3 - 26*s**2 + 38*s + 1680. Calculate k(14).
-140
Let q(t) = -2*t**2 - 565*t + 13128. What is q(-304)?
56
Let o(i) = -34*i + 1696. Give o(29).
710
Let z(o) = -17223*o - 258343. What is z(-15)?
2
Let v(y) = -y**3 + 52*y**2 + 1307*y - 3312. Calculate v(70).
-22
Let l(p) = 845*p**3 - 3*p**2 + 6*p - 2. Give l(1).
846
Let k(m) = -2134*m + 333103. What is k(156)?
199
Let z(m) = 311*m - 31124. Give z(100).
-24
Let u(r) = 3707*r + 28467. Give u(-8).
-1189
Let y(s) = -s**2 - 76*s + 6151. Determine y(48).
199
Let g(x) = -x**3 - 155*x**2 - 2101*x + 226. What is g(-15)?
241
Let l(s) = 1546*s**2 - 7031*s + 3. Determine l(4).
-3385
Let y(r) = r**3 + 228*r**2 - 2308*r + 76733. Give y(-239).
14
Let k(w) = -550*w**2 - 8452*w + 5617. Calculate k(-16).
49
Let a(b) = 5169*b - 87822. Calculate a(17).
51
Let k(f) = f**3 - 409*f**2 - 1647*f + 179. Calculate k(413).
2244
Let b(d) = d**3 + 156*d**2 - 11*d - 1534. What is b(-156)?
182
Let s(w) = w**3 - 222*w**2 - 411*w - 6041. What is s(224)?
2247
Let b(y) = 36*y**3 + 158*y**2 - 791*y - 75. Give b(5).
4420
Let o(k) = -213152*k + 1278918. What is o(6)?
6
Let o(u) = -2403*u - 129768. Determine o(-54).
-6
Let k(p) = 14288*p - 514357. Determine k(36).
11
Let y(l) = 17*l**2 + 346*l - 4489. What is y(9)?
2
Let l(f) = 3049*f + 18235. What is l(-6)?
-59
Let v(k) = -k**2 - 1427*k - 8514. Determine v(-6).
12
Let t(w) = 16*w**3 - 14*w**2 - 351*w + 749. Calculate t(2).
119
Let j(q) = -q**2 + 57*q + 1573. Calculate j(59).
1455
Let g(j) = -10*j**2 - 3723*j - 12133. Calculate g(-369).
44
Let x(g) = -g**3 + 7*g**2 + 71*g + 48. Calculate x(14).
-330
Let c(p) = 3*p**2 - 20*p - 489. Give c(26).
1019
Let i(m) = m**3 - 2*m**2 - 9*m - 1. Determine i(8).
311
Let k(f) = -66*f**2 + 5141*f - 32308. Give k(71).
-3
Let y(c) = 27622*c + 1491573. What is y(-54)?
-15
Let q(c) = -c**3 + 851*c**2 - 13342*c - 15066. Give q(835).
-36
Let z(a) = 16*a**3 - 929*a**2 + 381*a - 18748. What is z(58)?
-14
Let j(u) = -1229*u + 3759. Give j(3).
72
Let l(w) = -7466*w + 100. Calculate l(0).
100
Let g(c) = 4*c**3 - 3*c**2 - 10*c - 4. Determine g(-4).
-268
Let p(n) = -125*n**2 + 482*n - 970. Determine p(2).
-506
Let g(c) = c**2 + 254*c + 2352. Give g(-10).
-88
Let l(f) = 2*f**3 + 181*f**2 - 859*f + 107. Calculate l(-95).
487
Let j(f) = 5*f**3 + 405*f**2 + 485*f + 6791. What is j(-80)?
-9
Let p(k) = -2*k**2 + 209*k + 664. Give p(-3).
19
Let q(v) = 2*v**3 - v**2 + 130*v - 752. Calculate q(0).
-752
Let w(q) = -177*q**2 + 2719*q + 8404. Give w(18).
-2
Let f(n) = -5*n**3 - 321*n**2 - 1355*n - 5761. Determine f(-60).
-61
Let x(z) = 44*z + 4315. Calculate x(-70).
1235
Let m(l) = 48*l**2 - 396*l - 15. Determine m(0).
-15
Let r(m) = 208*m**2 + 329*m - 4653. Give r(4).
-9
Let w(q) = -219177*q + 2630135. Determine w(12).
11
Let c(n) = 8299*n - 165756. Calculate c(20).
224
Let s(j) = -4*j**3 - 10*j**2 + 45*j + 158. Calculate s(-6).
392
Let r(x) = -1107*x**2 - 1661*x + 6. What is r(-2)?
-1100
Let s(b) = 1112*b + 4075. What is s(-4)?
-373
Let b(a) = -4*a**3 - 835*a**2 + 1043*a - 1487. Give b(-210).
-17
Let t(s) = 52*s**2 + 182*s + 623. Give t(-3).
545
Let c(f) = 3*f**3 - 27*f**2 - 133*f + 1054. Calculate c(10).
24
Let r(b) = -122*b**2 + 56*b - 310. Give r(5).
-3080
Let o(l) = 498*l**2 + 365*l - 723. Determine o(2).
1999
Let j(i) = 17209*i - 35107. What is j(2)?
-689
Let h(r) = -r**2 - 545*r - 49787. Give h(-116).
-23
Let d(x) = 398*x**2 - 2801*x + 206. Give d(7).
101
Let p(v) = -v**3 - 6*v**2 + 1676*v + 14823. Determine p(-9).
-18
Let r(q) = q**3 + 259*q**2 + 6406*q - 14322. What is r(-231)?
0
Let s(j) = 8*j**3 - 1456*j**2 - 9030*j + 1134. Calculate s(188).
6
Let v(h) = 10812*h - 1697472. Give v(157).
12
Let x(o) = -33046*o - 198300. Give x(-6).
-24
Let i(x) = -5*x**3 - 153*x**2 - 182*x - 7586. Calculate i(-31).
-22
Let a(v) = 141*v**2 - 14810*v + 526. What is a(105)?
1
Let g(m) = 46*m**2 + 50*m - 66. What is g(0)?
-66
Let t(y) = -468*y + 5273. Determine t(10).
593
Let z(i) = -i**3 + 19*i**2 - 41*i - 512. Determine z(12).
4
Let s(y) = -48*y**3 + 209*y**2 + 458*y + 92. What is s(6)?
-4
Let l(m) = 38*m**2 - 278*m + 873. Calculate l(3).
381
Let r(l) = -132969*l - 74196693. Give r(-558).
9
Let v(w) = -w**3 - 63*w**2 + 157*w - 11749. Determine v(-68).
695
Let g(o) = -358*o + 990. Calculate g(6).
-1158
Let a(k) = 6737*k + 1778445. Give a(-264).
-123
Let h(n) = 40*n**3 + 239*n**2 + 39*n + 289. What is h(-6)?
19
Let g(c) = -250589*c - 3257660. Calculate g(-13).
-3
Let r(c) = -100*c**2 + 4*c + 242. What is r(-5)?
-2278
Let n(q) = -412*q**2 - 3452*q + 2330. Determine n(-9).
26
Let v(p) = -241*p + 50222. What is v(208)?
94
Let v(q) = -10963*q - 898969. Calculate v(-82).
-3
Let r(j) = 6*j**2 - 15666*j - 15668. Determine r(-1).
4
Let t(g) = g**3 - 59*g**2 + 7*g + 6105. Calculate t(57).
6
Let h(i) = i**3 - 785*i**2 + 4539*i - 3177. Give h(5).
18
Let s(f) = -2*f**3 + 37*f**2 - 65*f - 1004. What is s(13)?
10
Let w(l) = -21*l**2 + 135*l + 8336. Give w(-17).
-28
Let z(h) = -2*h**3 - 148*h**2 - 117*h + 2112. Calculate z(-73).
-5
Let c(v) = -v**2 + 20477*v + 20479. Give c(-1).
1
Let w(l) = -3*l**2 + 203*l + 2623. What is w(-13)?
-523
Let b(z) = -59110*z - 650423. Determine b(-11).
-213
Let c(y) = -y**2 - 1039*y + 22322. Calculate c(21).
62
Let z(t) = t**2 + 1631*t + 8107. Give z(-5).
-23
Let p(k) = -176*k - 632. Determine p(-3).
-104
Let y(o) = -62*o**2 + 2127*o - 12780. Calculate y(6).
-2250
Let t(l) = 3*l**2 + 1199*l - 89145. Give t(64).
-121
Let u(q) = q**3 - 975*q**2 + 40968*q - 100. What is u(44)?
76
Let t(b) = 1226*b + 57691. Give t(-47).
69
Let v(j) = -j**3 + 7*j**2 - 33402*j + 200383. What is v(6)?
7
Let t(c) = 4599*c + 293938. What is t(-64)?
-398
Let t(q) = -86*q**3 - 11*q**2 + 84*q - 258. Calculate t(3).
-2427
Let g(m) = -m**2 + 653*m - 7915. Determine g(13).
405
Let d(y) = 163746*y**2 - 1309969*y - 18. Determine d(8).
-26
Let f(p) = -11*p**2 + 9875*p - 49105. Give f(5).
-5
Let z(h) = 2*h**2 - 4432*h + 26523. Give z(6).
3
Let c(x) = -7*x**3 + 200*x**2 + 669*x + 6. What is c(-3)?
-12
Let w(z) = -26*z - 468. Calculate w(-18).
0
Let o(k) = 